{"id":33,"date":"2026-02-12T05:33:18","date_gmt":"2026-02-12T05:33:18","guid":{"rendered":"https:\/\/grupobb.com.mx\/wordpress\/?page_id=33"},"modified":"2026-02-12T05:35:56","modified_gmt":"2026-02-12T05:35:56","slug":"servicios","status":"publish","type":"page","link":"https:\/\/grupobb.com.mx\/wordpress\/servicios\/","title":{"rendered":"Servicios"},"content":{"rendered":"\n<p><strong>Importaci\u00f3n y Exportaci\u00f3n<\/strong><\/p>\n\n\n\n<ul class=\"wp-block-list\">\n<li>Importaci\u00f3n definitiva<\/li>\n\n\n\n<li>Exportaci\u00f3n definitiva<\/li>\n\n\n\n<li>Importaci\u00f3n temporal<\/li>\n\n\n\n<li>Exportaci\u00f3n temporal<\/li>\n\n\n\n<li>Pedimentos consolidados<\/li>\n\n\n\n<li>Cambios de r\u00e9gimen<\/li>\n\n\n\n<li>Importaciones virtuales<\/li>\n\n\n\n<li>Importaci\u00f3n de veh\u00edculos<\/li>\n\n\n\n<li>Asesor\u00eda Fiscal &#8211; Aduanal<\/li>\n\n\n\n<li>Gestor\u00eda y tramites en las diferentes Secretarias.<\/li>\n<\/ul>\n\n\n\n<p><strong>Bodega<\/strong><\/p>\n\n\n\n<ul class=\"wp-block-list\">\n<li>Carga y descarga de mercanc\u00edas<\/li>\n\n\n\n<li>Almacenaje y recepci\u00f3n de mercanc\u00edas<\/li>\n\n\n\n<li>Etiquetado de mercanc\u00edas<\/li>\n\n\n\n<li>Manifiesto de exportaci\u00f3n<\/li>\n\n\n\n<li>Servicio de recepci\u00f3n de correo<\/li>\n\n\n\n<li>Servicio de mensajer\u00eda<\/li>\n\n\n\n<li>Servicio de rastreo de materiales<\/li>\n\n\n\n<li>Log\u00edstica de transporte en Estados Unidos<\/li>\n\n\n\n<li>Servicio local de transporte<\/li>\n\n\n\n<li>Consolidaci\u00f3n de mercanc\u00eda<\/li>\n<\/ul>\n\n\n\n<p><strong>Comercializadora<\/strong><\/p>\n\n\n\n<ul class=\"wp-block-list\">\n<li>Importaci\u00f3n de mercanc\u00edas con padr\u00f3n general y sectorial<\/li>\n\n\n\n<li>Permisos de importaci\u00f3n<\/li>\n\n\n\n<li>Asesor\u00eda al importador<\/li>\n\n\n\n<li>Servicio al comercio exterior<\/li>\n\n\n\n<li>Asesor\u00eda Fiscal Aduanal<\/li>\n\n\n\n<li>Gestor\u00eda y tr\u00e1mites en diferentes secretarias y dependencias<\/li>\n\n\n\n<li>Clasificaci\u00f3n de mercanc\u00edas<\/li>\n<\/ul>\n\n\n\n<p><strong>Transporte<\/strong><\/p>\n\n\n\n<ul class=\"wp-block-list\">\n<li>Servicio de transfer<\/li>\n\n\n\n<li>Servicio internacional<\/li>\n\n\n\n<li>Cajas cerradas<\/li>\n\n\n\n<li>Plataformas<\/li>\n\n\n\n<li>Manifiestos electr\u00f3nicos incluidos<\/li>\n\n\n\n<li>Rastreo<\/li>\n\n\n\n<li>Reporteo<\/li>\n\n\n\n<li>Personal altamente capacitado<\/li>\n\n\n\n<li>Tarifas competitivas<\/li>\n<\/ul>\n\n\n\n<p><strong>Expertise<\/strong><\/p>\n\n\n\n<ul class=\"wp-block-list\">\n<li>Baramin(Barita)<\/li>\n\n\n\n<li>Fluorita Nacional (Bentonita)<\/li>\n\n\n\n<li>G&amp;E (Polipropileno)<\/li>\n\n\n\n<li>Honda (Acero)<\/li>\n\n\n\n<li>Mazap\u00e1n de la Rosa (Cacahuate)<\/li>\n\n\n\n<li>Grupo Maquinter(Maquinaria)<\/li>\n\n\n\n<li>Libra (Textil)<\/li>\n\n\n\n<li>HFI (Automotriz)<\/li>\n<\/ul>\n","protected":false},"excerpt":{"rendered":"<p>Importaci\u00f3n y Exportaci\u00f3n Bodega Comercializadora Transporte Expertise<\/p>\n","protected":false},"author":1,"featured_media":0,"parent":0,"menu_order":0,"comment_status":"closed","ping_status":"closed","template":"","meta":{"_joinchat":[],"footnotes":""},"class_list":["post-33","page","type-page","status-publish","hentry"],"_links":{"self":[{"href":"https:\/\/grupobb.com.mx\/wordpress\/wp-json\/wp\/v2\/pages\/33","targetHints":{"allow":["GET"]}}],"collection":[{"href":"https:\/\/grupobb.com.mx\/wordpress\/wp-json\/wp\/v2\/pages"}],"about":[{"href":"https:\/\/grupobb.com.mx\/wordpress\/wp-json\/wp\/v2\/types\/page"}],"author":[{"embeddable":true,"href":"https:\/\/grupobb.com.mx\/wordpress\/wp-json\/wp\/v2\/users\/1"}],"replies":[{"embeddable":true,"href":"https:\/\/grupobb.com.mx\/wordpress\/wp-json\/wp\/v2\/comments?post=33"}],"version-history":[{"count":2,"href":"https:\/\/grupobb.com.mx\/wordpress\/wp-json\/wp\/v2\/pages\/33\/revisions"}],"predecessor-version":[{"id":38,"href":"https:\/\/grupobb.com.mx\/wordpress\/wp-json\/wp\/v2\/pages\/33\/revisions\/38"}],"wp:attachment":[{"href":"https:\/\/grupobb.com.mx\/wordpress\/wp-json\/wp\/v2\/media?parent=33"}],"curies":[{"name":"wp","href":"https:\/\/api.w.org\/{rel}","templated":true}]}}